{"id":605,"date":"2025-03-26T19:09:33","date_gmt":"2025-03-26T18:09:33","guid":{"rendered":"https:\/\/apiyaute.fr\/?page_id=605"},"modified":"2025-07-08T18:20:49","modified_gmt":"2025-07-08T16:20:49","slug":"initiation-a-lapiculture","status":"publish","type":"page","link":"https:\/\/apiyaute.fr\/index.php\/initiation-a-lapiculture\/","title":{"rendered":"Initiation apiculture- Immersion dans le monde des abeilles"},"content":{"rendered":"\n<h1 class=\"wp-block-heading has-text-align-center has-large-font-size\">Venez \u00e0 la rencontre des abeilles !<\/h1>\n\n\n\n<p class=\"has-text-align-center\"><strong>Gr\u00e2ce \u00e0 nos s\u00e9ances d&rsquo;initiation<\/strong> (<strong>accessibles aux enfants \u00e0 partir de 8 ans<\/strong>)<\/p>\n\n\n\n<div class=\"wp-block-media-text has-media-on-the-right is-stacked-on-mobile\" style=\"grid-template-columns:auto 35%\"><div class=\"wp-block-media-text__content\">\n<p class=\"has-text-align-center\"><strong>Vous comprendrez que l&rsquo;apiculture n&rsquo;est pas seulement une passion mais une contribution essentielle \u00e0 la pr\u00e9servation de notre environnement ! <\/strong><\/p>\n\n\n\n<p class=\"has-text-align-center\"><strong>Les abeilles ont \u00e9galement un r\u00f4le crucial dans la pollinisation de nombreuses plantes importantes pour la production alimentaire mondiale.<\/strong><\/p>\n<\/div><figure class=\"wp-block-media-text__media\"><img data-recalc-dims=\"1\" loading=\"lazy\" decoding=\"async\" width=\"1024\" height=\"1003\" src=\"https:\/\/i0.wp.com\/apiyaute.fr\/wp-content\/uploads\/2025\/03\/Photo-formation-1024x1003.jpg?resize=1024%2C1003&#038;ssl=1\" alt=\"\" class=\"wp-image-1168 size-full\" srcset=\"https:\/\/i0.wp.com\/apiyaute.fr\/wp-content\/uploads\/2025\/03\/Photo-formation-scaled.jpg?resize=1024%2C1003&amp;ssl=1 1024w, https:\/\/i0.wp.com\/apiyaute.fr\/wp-content\/uploads\/2025\/03\/Photo-formation-scaled.jpg?resize=300%2C294&amp;ssl=1 300w, https:\/\/i0.wp.com\/apiyaute.fr\/wp-content\/uploads\/2025\/03\/Photo-formation-scaled.jpg?resize=768%2C752&amp;ssl=1 768w, https:\/\/i0.wp.com\/apiyaute.fr\/wp-content\/uploads\/2025\/03\/Photo-formation-scaled.jpg?resize=1536%2C1504&amp;ssl=1 1536w, https:\/\/i0.wp.com\/apiyaute.fr\/wp-content\/uploads\/2025\/03\/Photo-formation-scaled.jpg?resize=2048%2C2006&amp;ssl=1 2048w, https:\/\/i0.wp.com\/apiyaute.fr\/wp-content\/uploads\/2025\/03\/Photo-formation-scaled.jpg?resize=600%2C588&amp;ssl=1 600w, https:\/\/i0.wp.com\/apiyaute.fr\/wp-content\/uploads\/2025\/03\/Photo-formation-scaled.jpg?w=2400 2400w\" sizes=\"auto, (max-width: 1024px) 100vw, 1024px\" \/><\/figure><\/div>\n\n\n\n<h3 class=\"wp-block-heading has-text-align-center has-text-color has-link-color has-large-font-size wp-elements-c30f01894cddc7a4bc7694666ed9be68\" style=\"color:#133a19\">Sessions d&rsquo;Initiation au monde des abeilles<\/h3>\n\n\n\n<p class=\"has-text-align-center\">Je suis ravie de proposer \u00e0 tous les amateurs de nature et de biodiversit\u00e9 des sessions d&rsquo;initiation \u00e0 l&rsquo;apiculture ! <\/p>\n\n\n\n<h2 class=\"wp-block-heading has-text-align-center\"><strong>dur\u00e9e approximative de 2 heures<\/strong><\/h2>\n\n\n\n<h2 class=\"wp-block-heading has-text-align-center\"> En <strong>petit groupe de 3 \u00e0 6 personnes<\/strong><\/h2>\n\n\n\n<p class=\"has-text-align-center\">Nous explorerons toutes les facettes d&rsquo;une ruche. Sa composition, son organisation et ses produits vous seront r\u00e9v\u00e9l\u00e9s. <\/p>\n\n\n\n<h2 class=\"wp-block-heading has-text-align-center\">Apr\u00e8s avoir enfil\u00e9 les v\u00eatements de protection, nous irons <strong>plonger au c\u0153ur de la ruche<\/strong> pour un contact direct avec les abeilles.<\/h2>\n\n\n\n<p class=\"has-text-align-center\">Une <strong>d\u00e9gustation exceptionnelle de gel\u00e9e royale<\/strong> <strong>et de miel <\/strong>cl\u00f4turera la journ\u00e9e.<\/p>\n\n\n\n<p class=\"has-text-align-center\">Remplis de moments inoubliables vous emm\u00e8nerez chez vous un <strong>pot de 50 gr de miel <\/strong>de montagne produit au rucher ainsi qu&rsquo;un <strong>livret <\/strong>reprenant le pr\u00e9cieux savoir que vous aurez acquis.<\/p>\n\n\n\n<p class=\"has-text-align-center\">Malgr\u00e9 toutes les pr\u00e9cautions prises, une piq\u00fbre n\u2019est pas \u00e0 exclure du programme, c\u2019est pourquoi les<strong> allergiques aux hym\u00e9nopt\u00e8res (gu\u00eapes, abeilles etc.) ne sont pas admis.<\/strong><\/p>\n\n\n\n<p class=\"has-text-align-center\">L\u2019activit\u00e9 \u00e9tant en <strong>connexion directe avec la nature <\/strong>et la m\u00e9t\u00e9o, la session n\u2019aura pas lieu en cas de temp\u00e9ratures en-dessous des 11\u00b0C, l\u2019ouverture de ruche \u00e0 ces temp\u00e9ratures correspond \u00e0 mettre la colonie en danger. En cas de pluie, la visite de ruche se fait sous l\u2019abri-couvert.<\/p>\n\n\n\n<h4 class=\"wp-block-heading has-text-align-center has-medium-font-size\"><strong>Calendrier des Sessions<\/strong> et Inscriptions<\/h4>\n\n\n\n<p class=\"has-text-align-center\">Des sessions d&rsquo;initiation sont programm\u00e9es les apr\u00e8s-midi pendant la bonne saison. Pour vous inscrire \u00e0 une session, suivant le lien suivant : <a href=\"https:\/\/apiyaute.fr\/?post_type=product&amp;p=641&amp;preview=true\" data-type=\"link\" data-id=\"https:\/\/apiyaute.fr\/?post_type=product&amp;p=641&amp;preview=true\">R\u00e9servation immersion dans le monde des abeilles<\/a><\/p>\n\n\n\n<p class=\"has-text-align-center\">Vous recevrez, quelques jours avant la date de votre session, par email, les informations concernant l&rsquo;organisation pratique de votre s\u00e9ance d&rsquo;initiation.<\/p>\n\n\n\n<p class=\"has-text-align-center\">En participant \u00e0 cette initiation, vous contribuerez \u00e0 votre propre bien-\u00eatre en vous connectant \u00e0 la nature, vous soutiendrez l&rsquo;apiculture locale ce qui permettra d&rsquo;augmenter la population d&rsquo;abeilles.<\/p>\n\n\n\n<p class=\"has-text-align-center\"><\/p>\n","protected":false},"excerpt":{"rendered":"<p>Venez \u00e0 la rencontre des abeilles ! Gr\u00e2ce \u00e0 nos s\u00e9ances d&rsquo;initiation (accessibles aux enfants \u00e0 partir de 8 ans) Vous comprendrez que l&rsquo;apiculture n&rsquo;est pas seulement une passion mais une contribution essentielle \u00e0 la pr\u00e9servation de notre environnement ! Les abeilles ont \u00e9galement un r\u00f4le crucial dans la pollinisation de nombreuses plantes importantes pour [&hellip;]<\/p>\n","protected":false},"author":1,"featured_media":1168,"parent":0,"menu_order":0,"comment_status":"closed","ping_status":"closed","template":"","meta":{"ocean_post_layout":"","ocean_both_sidebars_style":"","ocean_both_sidebars_content_width":0,"ocean_both_sidebars_sidebars_width":0,"ocean_sidebar":"","ocean_second_sidebar":"","ocean_disable_margins":"enable","ocean_add_body_class":"","ocean_shortcode_before_top_bar":"","ocean_shortcode_after_top_bar":"","ocean_shortcode_before_header":"","ocean_shortcode_after_header":"","ocean_has_shortcode":"","ocean_shortcode_after_title":"","ocean_shortcode_before_footer_widgets":"","ocean_shortcode_after_footer_widgets":"","ocean_shortcode_before_footer_bottom":"","ocean_shortcode_after_footer_bottom":"","ocean_display_top_bar":"default","ocean_display_header":"default","ocean_header_style":"","ocean_center_header_left_menu":"","ocean_custom_header_template":"","ocean_custom_logo":0,"ocean_custom_retina_logo":0,"ocean_custom_logo_max_width":0,"ocean_custom_logo_tablet_max_width":0,"ocean_custom_logo_mobile_max_width":0,"ocean_custom_logo_max_height":0,"ocean_custom_logo_tablet_max_height":0,"ocean_custom_logo_mobile_max_height":0,"ocean_header_custom_menu":"","ocean_menu_typo_font_family":"","ocean_menu_typo_font_subset":"","ocean_menu_typo_font_size":0,"ocean_menu_typo_font_size_tablet":0,"ocean_menu_typo_font_size_mobile":0,"ocean_menu_typo_font_size_unit":"px","ocean_menu_typo_font_weight":"","ocean_menu_typo_font_weight_tablet":"","ocean_menu_typo_font_weight_mobile":"","ocean_menu_typo_transform":"","ocean_menu_typo_transform_tablet":"","ocean_menu_typo_transform_mobile":"","ocean_menu_typo_line_height":0,"ocean_menu_typo_line_height_tablet":0,"ocean_menu_typo_line_height_mobile":0,"ocean_menu_typo_line_height_unit":"","ocean_menu_typo_spacing":0,"ocean_menu_typo_spacing_tablet":0,"ocean_menu_typo_spacing_mobile":0,"ocean_menu_typo_spacing_unit":"","ocean_menu_link_color":"","ocean_menu_link_color_hover":"","ocean_menu_link_color_active":"","ocean_menu_link_background":"","ocean_menu_link_hover_background":"","ocean_menu_link_active_background":"","ocean_menu_social_links_bg":"","ocean_menu_social_hover_links_bg":"","ocean_menu_social_links_color":"","ocean_menu_social_hover_links_color":"","ocean_disable_title":"default","ocean_disable_heading":"default","ocean_post_title":"","ocean_post_subheading":"","ocean_post_title_style":"","ocean_post_title_background_color":"","ocean_post_title_background":0,"ocean_post_title_bg_image_position":"","ocean_post_title_bg_image_attachment":"","ocean_post_title_bg_image_repeat":"","ocean_post_title_bg_image_size":"","ocean_post_title_height":0,"ocean_post_title_bg_overlay":0.5,"ocean_post_title_bg_overlay_color":"","ocean_disable_breadcrumbs":"default","ocean_breadcrumbs_color":"","ocean_breadcrumbs_separator_color":"","ocean_breadcrumbs_links_color":"","ocean_breadcrumbs_links_hover_color":"","ocean_display_footer_widgets":"default","ocean_display_footer_bottom":"default","ocean_custom_footer_template":"","jetpack_post_was_ever_published":false,"footnotes":""},"class_list":["post-605","page","type-page","status-publish","has-post-thumbnail","hentry","entry","has-media","owp-thumbs-layout-horizontal","owp-btn-big","owp-tabs-layout-horizontal","has-no-thumbnails","has-product-nav"],"jetpack_sharing_enabled":true,"_links":{"self":[{"href":"https:\/\/apiyaute.fr\/index.php\/wp-json\/wp\/v2\/pages\/605","targetHints":{"allow":["GET"]}}],"collection":[{"href":"https:\/\/apiyaute.fr\/index.php\/wp-json\/wp\/v2\/pages"}],"about":[{"href":"https:\/\/apiyaute.fr\/index.php\/wp-json\/wp\/v2\/types\/page"}],"author":[{"embeddable":true,"href":"https:\/\/apiyaute.fr\/index.php\/wp-json\/wp\/v2\/users\/1"}],"replies":[{"embeddable":true,"href":"https:\/\/apiyaute.fr\/index.php\/wp-json\/wp\/v2\/comments?post=605"}],"version-history":[{"count":17,"href":"https:\/\/apiyaute.fr\/index.php\/wp-json\/wp\/v2\/pages\/605\/revisions"}],"predecessor-version":[{"id":1338,"href":"https:\/\/apiyaute.fr\/index.php\/wp-json\/wp\/v2\/pages\/605\/revisions\/1338"}],"wp:featuredmedia":[{"embeddable":true,"href":"https:\/\/apiyaute.fr\/index.php\/wp-json\/wp\/v2\/media\/1168"}],"wp:attachment":[{"href":"https:\/\/apiyaute.fr\/index.php\/wp-json\/wp\/v2\/media?parent=605"}],"curies":[{"name":"wp","href":"https:\/\/api.w.org\/{rel}","templated":true}]}}