{"id":340,"date":"2023-10-27T10:46:03","date_gmt":"2023-10-27T08:46:03","guid":{"rendered":"https:\/\/apiyaute.fr\/?post_type=product&#038;p=340"},"modified":"2026-01-19T08:10:44","modified_gmt":"2026-01-19T07:10:44","slug":"gelee-royale-francaise-de-montagne-ecrin-en-liege","status":"publish","type":"product","link":"https:\/\/apiyaute.fr\/index.php\/produit\/gelee-royale-francaise-de-montagne-ecrin-en-liege\/","title":{"rendered":"Gel\u00e9e Royale Fran\u00e7aise de montagne 10g ou 20g (\u00e9crin en li\u00e8ge)"},"content":{"rendered":"<p style=\"text-align: left;\"><img data-recalc-dims=\"1\" loading=\"lazy\" decoding=\"async\" class=\"alignleft wp-image-94 size-medium\" src=\"https:\/\/i0.wp.com\/apiyaute.fr\/wp-content\/uploads\/2023\/10\/20230914_144126.jpg?resize=300%2C169\" alt=\"Gel\u00e9e royale fra\u00eeche et fran\u00e7aise de montagne\" width=\"300\" height=\"169\" srcset=\"https:\/\/i0.wp.com\/apiyaute.fr\/wp-content\/uploads\/2023\/10\/20230914_144126-scaled.jpg?resize=300%2C169&amp;ssl=1 300w, https:\/\/i0.wp.com\/apiyaute.fr\/wp-content\/uploads\/2023\/10\/20230914_144126-scaled.jpg?resize=600%2C338&amp;ssl=1 600w, https:\/\/i0.wp.com\/apiyaute.fr\/wp-content\/uploads\/2023\/10\/20230914_144126-scaled.jpg?resize=1024%2C576&amp;ssl=1 1024w, https:\/\/i0.wp.com\/apiyaute.fr\/wp-content\/uploads\/2023\/10\/20230914_144126-scaled.jpg?resize=768%2C432&amp;ssl=1 768w, https:\/\/i0.wp.com\/apiyaute.fr\/wp-content\/uploads\/2023\/10\/20230914_144126-scaled.jpg?resize=1536%2C864&amp;ssl=1 1536w, https:\/\/i0.wp.com\/apiyaute.fr\/wp-content\/uploads\/2023\/10\/20230914_144126-scaled.jpg?resize=2048%2C1153&amp;ssl=1 2048w, https:\/\/i0.wp.com\/apiyaute.fr\/wp-content\/uploads\/2023\/10\/20230914_144126-scaled.jpg?resize=800%2C450&amp;ssl=1 800w, https:\/\/i0.wp.com\/apiyaute.fr\/wp-content\/uploads\/2023\/10\/20230914_144126-scaled.jpg?w=2400 2400w\" sizes=\"auto, (max-width: 300px) 100vw, 300px\" \/><span style=\"color: #008000;\"><strong>Gel\u00e9e Royale de montagne, fra\u00eeche,<\/strong> produite en Haute Savoie !<\/span><\/p>\n<p style=\"text-align: left;\"><strong>Pure<\/strong> sans aucun ajout. Non congel\u00e9e.<\/p>\n<p style=\"text-align: left;\">Tous les bienfaits de la montagne concentr\u00e9s par les abeilles dans un produit de <strong>qualit\u00e9<\/strong> exceptionnelle.<\/p>\n<p>&nbsp;<\/p>\n<p>Suivez le lien ci-dessous pour tout savoir sur la gel\u00e9e royale !<\/p>\n<p><a href=\"https:\/\/apiyaute.fr\/index.php\/tous-les-secrets-de-la-gelee-royale-heu-mais-cest-quoi-au-fait\/\">Tous les secrets de la gel\u00e9e royale ! heu\u2026mais c\u2019est quoi au fait ?<\/a><\/p>\n<p>Afin de conserver au mieux toutes ses incroyables propri\u00e9t\u00e9s, la Gel\u00e9e Royale est conserv\u00e9e au r\u00e9frig\u00e9rateur (id\u00e9alement \u00e0 une temp\u00e9rature entre +2\u00b0 et +5\u00b0C).<\/p>\n<p>Elle sera envoy\u00e9e dans un \u00e9l\u00e9gant <span style=\"color: #008000;\"><strong>\u00e9crin isotherme<\/strong> <strong>en li\u00e8ge<\/strong>. <strong>Durable, \u00e9coresponsable et r\u00e9utilisable<\/strong><\/span> comme bo\u00eete \u00e0 bijoux p.ex. cela en fait un <strong><span style=\"color: #800000;\">emballage cadeau parfait<\/span><\/strong> pour prendre soin de vous ou vos proches.<\/p>\n<p>Un doute sur la quantit\u00e9 \u00e0 prendre chaque jour ? la <strong>cuill\u00e8re doseuse\u00a0<\/strong>inclue est l\u00e0 pour vous aider !<\/p>\n<p><span style=\"color: #ffcc00;\"><strong>Les exp\u00e9ditions ont lieu les lundis et mardis pour avoir le d\u00e9lai le plus court possible entre l&rsquo;envoi et la r\u00e9ception par vos soins et \u00e9viter des jours suppl\u00e9mentaires les week-ends.<\/strong><\/span><\/p>\n<p>100% haute montagne fran\u00e7aise ! Tout est produit et conditionn\u00e9 chez Apiyaute en Haute-Savoie.<\/p>\n","protected":false},"excerpt":{"rendered":"<p style=\"text-align: left;\">Gel\u00e9e Royale fra\u00eechement <strong>produite en Haute Savoie<\/strong> !<\/p>\n<p style=\"text-align: left;\"><strong>Pure<\/strong> sans aucun ajout. Non congel\u00e9e.<\/p>\n<p style=\"text-align: left;\">Tous les bienfaits de la montagne concentr\u00e9s par les abeilles dans un produit de <strong>qualit\u00e9<\/strong> exceptionnelle.<\/p>\n<p style=\"text-align: left;\">100% haute montagne fran\u00e7aise ! Tout est produit et conditionn\u00e9 chez Apiyaute en Haute-Savoie.<\/p>\n","protected":false},"featured_media":344,"comment_status":"open","ping_status":"closed","template":"","meta":{"ocean_post_layout":"","ocean_both_sidebars_style":"","ocean_both_sidebars_content_width":0,"ocean_both_sidebars_sidebars_width":0,"ocean_sidebar":"0","ocean_second_sidebar":"0","ocean_disable_margins":"enable","ocean_add_body_class":"","ocean_shortcode_before_top_bar":"","ocean_shortcode_after_top_bar":"","ocean_shortcode_before_header":"","ocean_shortcode_after_header":"","ocean_has_shortcode":"","ocean_shortcode_after_title":"","ocean_shortcode_before_footer_widgets":"","ocean_shortcode_after_footer_widgets":"","ocean_shortcode_before_footer_bottom":"","ocean_shortcode_after_footer_bottom":"","ocean_display_top_bar":"default","ocean_display_header":"default","ocean_header_style":"","ocean_center_header_left_menu":"0","ocean_custom_header_template":"0","ocean_custom_logo":0,"ocean_custom_retina_logo":0,"ocean_custom_logo_max_width":0,"ocean_custom_logo_tablet_max_width":0,"ocean_custom_logo_mobile_max_width":0,"ocean_custom_logo_max_height":0,"ocean_custom_logo_tablet_max_height":0,"ocean_custom_logo_mobile_max_height":0,"ocean_header_custom_menu":"0","ocean_menu_typo_font_family":"0","ocean_menu_typo_font_subset":"","ocean_menu_typo_font_size":0,"ocean_menu_typo_font_size_tablet":0,"ocean_menu_typo_font_size_mobile":0,"ocean_menu_typo_font_size_unit":"px","ocean_menu_typo_font_weight":"","ocean_menu_typo_font_weight_tablet":"","ocean_menu_typo_font_weight_mobile":"","ocean_menu_typo_transform":"","ocean_menu_typo_transform_tablet":"","ocean_menu_typo_transform_mobile":"","ocean_menu_typo_line_height":0,"ocean_menu_typo_line_height_tablet":0,"ocean_menu_typo_line_height_mobile":0,"ocean_menu_typo_line_height_unit":"","ocean_menu_typo_spacing":0,"ocean_menu_typo_spacing_tablet":0,"ocean_menu_typo_spacing_mobile":0,"ocean_menu_typo_spacing_unit":"","ocean_menu_link_color":"","ocean_menu_link_color_hover":"#8bc34a","ocean_menu_link_color_active":"","ocean_menu_link_background":"","ocean_menu_link_hover_background":"","ocean_menu_link_active_background":"","ocean_menu_social_links_bg":"","ocean_menu_social_hover_links_bg":"","ocean_menu_social_links_color":"","ocean_menu_social_hover_links_color":"","ocean_disable_title":"default","ocean_disable_heading":"default","ocean_post_title":"","ocean_post_subheading":"","ocean_post_title_style":"","ocean_post_title_background_color":"","ocean_post_title_background":0,"ocean_post_title_bg_image_position":"","ocean_post_title_bg_image_attachment":"","ocean_post_title_bg_image_repeat":"","ocean_post_title_bg_image_size":"","ocean_post_title_height":0,"ocean_post_title_bg_overlay":0.5,"ocean_post_title_bg_overlay_color":"","ocean_disable_breadcrumbs":"default","ocean_breadcrumbs_color":"","ocean_breadcrumbs_separator_color":"","ocean_breadcrumbs_links_color":"","ocean_breadcrumbs_links_hover_color":"","ocean_display_footer_widgets":"default","ocean_display_footer_bottom":"default","ocean_custom_footer_template":"0","jetpack_post_was_ever_published":false},"product_brand":[],"product_cat":[21,23,24,22],"product_tag":[],"class_list":{"0":"post-340","1":"product","2":"type-product","3":"status-publish","4":"has-post-thumbnail","6":"product_cat-aliment-bien-etre","7":"product_cat-apiculture","8":"product_cat-apitherapie","9":"product_cat-sante","10":"product_shipping_class-non-frais","12":"entry","13":"has-media","15":"first","16":"outofstock","17":"taxable","18":"shipping-taxable","19":"purchasable","20":"product-type-variable","21":"has-product-nav","22":"col","23":"span_1_of_3","24":"owp-content-center","25":"owp-thumbs-layout-horizontal","26":"owp-btn-big","27":"owp-tabs-layout-horizontal"},"jetpack_sharing_enabled":true,"_links":{"self":[{"href":"https:\/\/apiyaute.fr\/index.php\/wp-json\/wp\/v2\/product\/340","targetHints":{"allow":["GET"]}}],"collection":[{"href":"https:\/\/apiyaute.fr\/index.php\/wp-json\/wp\/v2\/product"}],"about":[{"href":"https:\/\/apiyaute.fr\/index.php\/wp-json\/wp\/v2\/types\/product"}],"replies":[{"embeddable":true,"href":"https:\/\/apiyaute.fr\/index.php\/wp-json\/wp\/v2\/comments?post=340"}],"wp:featuredmedia":[{"embeddable":true,"href":"https:\/\/apiyaute.fr\/index.php\/wp-json\/wp\/v2\/media\/344"}],"wp:attachment":[{"href":"https:\/\/apiyaute.fr\/index.php\/wp-json\/wp\/v2\/media?parent=340"}],"wp:term":[{"taxonomy":"product_brand","embeddable":true,"href":"https:\/\/apiyaute.fr\/index.php\/wp-json\/wp\/v2\/product_brand?post=340"},{"taxonomy":"product_cat","embeddable":true,"href":"https:\/\/apiyaute.fr\/index.php\/wp-json\/wp\/v2\/product_cat?post=340"},{"taxonomy":"product_tag","embeddable":true,"href":"https:\/\/apiyaute.fr\/index.php\/wp-json\/wp\/v2\/product_tag?post=340"}],"curies":[{"name":"wp","href":"https:\/\/api.w.org\/{rel}","templated":true}]}}